 2 + (-2 - -2) - (-26 + 35 + -23)?
16
Calculate -1 + 23 + (-52 + 34 - -12).
16
Evaluate (0 - 0) + 7 + -4 - 5 - -5.
3
Calculate -143 - -112 - (-40 - -8).
1
-8 + 7 + -18 + 8 + -11 + 4
-18
Calculate -8 + 17 + (-22 - (3 - 4)).
-12
Evaluate (-4 - -5) + -5 + 7 - (-21 - -18).
6
Evaluate -11 + 10 + (5 - 1 - 0) + -4.
-1
Evaluate (18 - (14 - -13)) + -15 + -3.
-27
What is the value of -10 + 3 + (1 - 4 - -26)?
16
What is -4 - (-20 - 3 - -11)?
8
What is (25 - (11 - 1)) + -13 - (-13 + 0)?
15
Calculate 10 + (0 - 4) + (11 + -22 - 9).
-14
What is the value of (0 + 4 - (-1 + 12) - -5) + 14?
12
What is 9 - (-147 + 130 - (-7 - -2))?
21
Evaluate -16 + (44 - 17) - (-2 + 1 + -2).
14
5 + 11 + -7 + -9
0
Evaluate 6 - -3 - 17 - -32.
24
Calculate -31 - (13 + -51) - (-9 - -3).
13
What is 23 + 1 - (-97 + 86)?
35
-8 - (-4 + 7 + -8 + -25)
22
-5 - (-3 + (4 - (6 - 0)))
0
What is the value of (23 - 27) + (11 - (7 + -7))?
7
Evaluate -28 + 13 - (4 - (1 + 0 + 9)).
-9
4 - (35 - (14 + 3))
-14
Evaluate (-3 - -9) + (3 - 11) + -1.
-3
-4 + -1 + -3 + (0 - -2) + 0
-6
-11 - -4 - (-36 - (1 + -2))
28
Evaluate (-4 - -4) + (-6 + 11 - (-4 - -2)).
7
What is (9 - (8 + 6)) + (4 - -3) + -20?
-18
What is the value of -11 + -6 + 6 + 15?
4
(-27 + 5 - -31) + -4
5
Evaluate -19 + 11 - (-4 + (-2 - -2)).
-4
Calculate 27 + (-24 - -12 - (-8 - -3)).
20
Calculate (3 - 20) + 32 + (-1 - -5 - 1).
18
(1 + 7 - (1 - (-11 - 4))) + -23
-31
Evaluate 6 - (9 + -4 + -13 + -6 + -5).
25
Evaluate 1 + (-8 - -2) - (-169 + 162).
2
Evaluate 9 + 11 + -35 + 5.
-10
What is -7 + 6 + 0 + -4 - (-9 - 0)?
4
Evaluate 9 - ((0 - -9) + -10).
10
What is -7 + -4 + (-19 - 0) + 32?
2
46 + -30 + -2 + (-2 - 2) + 1
11
Calculate -15 + 1 + -1 - (263 - 301).
23
What is the value of 9 + -10 - 3 - (-3 + 0 + -2)?
1
What is the value of 10 + (-48 - -1 - (-481 - -468))?
-24
-27 + (13 - 53) + 33
-34
Evaluate (27 - 6) + (-15 - 7).
-1
What is (-6 - (1 + 7)) + (7 - 5 - -2)?
-10
What is -8 + (4 - (-25 + -2)) + -8?
15
What is the value of -16 + 26 + (0 - 3) + -21?
-14
Evaluate (-24 - -18) + 2 + 1 + 8.
5
Evaluate 13 - (37 + (-36 - -16)).
-4
Evaluate (-3 - (-4 - (-24 + 1))) + (19 - 14).
-17
What is 8 + -3 - (20 + (33 - 12) + -8)?
-28
Calculate 3 + (-2 + 0 - -2) - (-314 + 317).
0
What is the value of 2 + 1 - -1 - (-6 + 25 - 16)?
1
12 + 1 + -2 - (2724 - 2730)
17
Evaluate (-4 - -10) + (-2 - -4 - (1 + 3)).
4
What is (4 + 22 - 17 - 18) + -10?
-19
Calculate -11 + -1 - -41 - 37.
-8
Evaluate 1 - 0 - (-74 + 64).
11
What is the value of 16 - (5 - (1 + -8 + 4))?
8
Evaluate 30 + -78 + 10 + 27.
-11
-7 - (-7 - (-7 + 6)) - (2 + 2)
-5
-39 + (5 + -14 - -17 - -10)
-21
What is (-3 - (36 + 7)) + (63 - 48)?
-31
Evaluate (-1 - -3 - (-84 + 78)) + -5.
3
What is the value of (3 + -2 - -8) + -329 + 323?
3
Calculate 19 - ((-16 - (-8 - 31)) + -11).
7
Evaluate (-9 - (0 - (6 - -1))) + (-1 - -3).
0
What is -14 + 36 + -16 - (5 + -6 + 32)?
-25
What is the value of 45 + (18 - 18 - 28)?
17
What is 0 - (6 + -2 + -8 + 12 + -6)?
-2
Evaluate (-1 - -10 - -1 - (-37 + 42)) + -8.
-3
Calculate (-41 - (-8 + -27)) + (0 - -9).
3
Calculate 21 - -2 - 14 - ((-7 - -5) + 44).
-33
(-16 - (3 + -2 + -12)) + 5
0
What is the value of 2 - ((-3 - (-15 - -7)) + 11)?
-14
Evaluate 215 + -211 + (2 - (15 + -1)) + 1.
-7
Evaluate -9 - (11 + (-24 - 3) + -9).
16
Calculate 4 - (-9 + -2 + 1 + 20 + 10).
-16
(-2 - -1) + 252 + -246 - (1 + -4)
8
What is -14 + (16 - ((-1 - 1) + 9))?
-5
Evaluate 9 + -16 + -25 - -17.
-15
Evaluate 2 + -10 + -14 + 27.
5
What is the value of (3 - -1) + -26 + 16 + -53 + 61?
2
What is 492 + -496 - (-11 + 1 + 0 + 0)?
6
(-4 - (0 - 3)) + 3 + -1 + 3
4
What is the value of 18 + -6 + 16 + -10 + 0?
18
Evaluate -13 + 3 - 3 - -1.
-12
Calculate (3 + -26 - -2) + (26 + -2 - 23).
-20
Evaluate 4 + -50 + (-22 - -65).
-3
What is (8 - (3 + -4)) + -13 + 14 - 31?
-21
What is 25 - 28 - ((-1 - -1) + (-2 - 6))?
5
What is the value of -2 - -12 - (1 + 2 - (-5 + 11))?
13
(18 - 4) + (11 - (37 - 23))
11
What is 12 + ((-6 - -6) + 4 + -3 - -4)?
17
What is 7 + -3 - (-14 - -11)?
7
What is the value of 59 - 58 - (-33 + 4)?
30
What is the value of -127 + 123 + -2 + 1?
-5
Calculate (6 - 3 - (10 - 6) - 2) + 6.
3
What is -7 + (-13 - -6 - -10)?
-4
Calculate 9 + -5 + (-8 - (9 - 11)).
-2
2 + (-1 - (5 + -13 + 6))
3
Calculate -1 + 6 + (-3 + 2 + 3 - 2).
5
What is the value of -5 + -14 - (8 + -9)?
-18
Calculate (9 + 0 - 27 - -9) + 7.
-2
What is (-31 - (-6 - -3)) + -10 + 14 + 5?
-19
Evaluate (42 - 6 - -5 - 6) + (-52 - -58).
41
2 + (-1 + 2 + 0 - 1) + -22
-20
What is -15 + (10 - (13 + -16)) - 21?
-23
What is the value of 12 + 2 - 5 - (11 + -3) - 4?
-3
Evaluate 6 - 2 - (-104 + 117) - -13.
4
What is the value of 9 + (-1 - (15 + 1)) + 10 - -5?
7
What is (-3 - -20) + (5 - (-6 - -1)) - 5?
22
Calculate 8 - (4 + -3 + 3) - (-102 - -97).
9
What is (4 - 1) + 21 + -15 + -13 + 13?
9
What is 11 + (-11 - -3) + -53 + 10 + 9?
-31
27 - (43 + 2 + 1)
-19
17 + 1 + -12 - (-10 - -37)
-21
What is 0 - (-25 - -57 - 13)?
-19
Evaluate -3 + (20 - (-1 + 7 + -6 + 1)).
16
Evaluate 20 + -12 - (8 - -7).
-7
What is the value of 2 + 19 + -6 + -10 + (3 - 1)?
7
What is -84 - -73 - (2 - 0)?
-13
What is (30 - -1) + 8 + -18?
21
What is 28 + -1 - 10 - (2 + -4 + -4)?
23
What is (1 - 21) + -575 + 593?
-2
Evaluate 2 + (4 - -3) + (-8 - (-4 + 2)).
3
Evaluate -3 + (10 - (11 - -4)).
-8
What is the value of 22 - (-3 + -5 + (5 - -7))?
18
What is the value of (-9 + 24 - 13) + -14?
-12
Calculate 5 - (5 + -5 - -1) - (5 - 0).
-1
Calculate (-1 - 0) + -3 + (-38 - -30 - 2).
-14
What is the value of -18 + 3 - 4 - (-3 - (2 - 2))?
-16
Evaluate (4 + -5 + 0 - 15) + 7.
-9
What is the value of -8 + (5 - (-6 + 10 + 9))?
-16
What is the value of -4 + -15 - (39 - 49)?
-9
Evaluate 3 + 18 + (17 - 47 - -31).
22
What is -6 + 13 + 6 - 9?
4
Calculate (18 - 22) + 36 + -46.
-14
What is the value of 4 - ((-1 - 5) + 4 + -11 + 0)?
17
What is the value of -18 + (-19 - -29) + 1 + -1?
-8
Calculate (4 + -52 - 2) + 7 - (-25 + 15).
-33
4 + (5 - (7 - -1) - 1) + -6
-6
(5 - 16) + 4 - (1 - (0 - 2))
-10
What is 22 + (-8 - (-15 + 14 + -1 + -1))?
17
What is 1 + -19 - (23 + -36 - (2 + -15))?
-18
Calculate -1 + 13 - (-9 - (0 - 15) - -1).
5
What is the value of 8 + 3 + -23 - (0 - 27)?
15
What is the value of (-5 - -17) + -6 + 34 + -69?
-29
Calculate -1 + -4 + 2 + -4 + (7 - 9).
-9
Calculate -16 + 22 - (18 + -2).
-10
Calculate 10 - (8 - 4) - (7 + -5 + 3).
1
Calculate (12 - (21 + 4)) + 39.
26
Evaluate 13 - (12 + -2 - 1).
4
What is the value of -14 + 6 + 12 + 0?
4
-13 + (5 - (9 + -8)) + -1
-10
What is 20 + 0 + 3 + -10 + 3?
16
Evaluate 10 + -15 - (14 - (-4 - -21)).
-2
What is 6 + (7 - (0 + 10 - 4))?
7
Evaluate (-34 - -25) + 5 + 0 + -4 + 9.
1
1 - 14 - (-45 - -60 - 20)
-8
Calculate (-2 - 2) + 7 + -10 + -15.
-22
Evaluate -12 + (-1 - (22 - 20)).
-15
(33 - 42) + 4 + -2 - -2 - -5
0
What is (11 - 1) + (3 + 3 - 18)?
-2
Evaluate -10 - (74 + -65 + -4 + 2).
-17
Evaluate (9 - 0) + 225 + -241.
-7
What is 2 - (-22 + (-6 - -20))?
10
Evaluate (2 - 16) + -8 + 8 + 20.
6
Evaluate 19 + 3 - 3 - (10 + 4 + -16).
21
(39 + -19 - 13) + 1 + -5
3
Evaluate (8 - -9) + -3 - (47 + -58).
25
What is the value of -5 + 24 - (4 + -7 + -2 + 9)?
15
What is -4 + (-8 - (-19 - 0))?
7
Calculate (-1 - (-6 + 0)) + (4 + -2 - 6).
1
What is (-18 - -9) + (0 - 4) + 34?
21
5 - (7 - (4 - -1) - (-17 - -15))
1
Calculate -8 - (-1 - ((-7 - -6) + 5)).
-3
Calculate (8 - (-1 - 0)) + (38 - 37).
10
-29 - (3 + (-50 - -19))
-1
What is -10 + (1 - -3 - (2 - 4)) - -7?
3
-20 + (-10 - (-34 + 14))
-10
What is -39 + 29 - (-3 + 4 + 4)?
-15
Evaluate -17 + -6 + -6 + 25 + -7.
-11
What is the value of 0 + -17 + -74 + 97?
6
Calculate (17 - 70) + -9 + 31.
-31
Calculate -7 - (1 + (-2 - 4) - -4) - -15.
9
What is the value of 24 - (29 + 17) - (0 - 0)?
-22
(3 - -4) + -18 + 12 - 3
-2
-3 + (-8 - (0 - (-1 - 0))) + -7
-19
Evaluate -4 + 14 + -6 - (-6 - 1).
11
What is 27 + -2 + 11 + -20?
16
Evaluate (1 - -2 - 3) + (11 - 1 - 18).
-8
What is the value of (-11 - (-4 - 3)) + 16?
12
What is the value of 3 - -5 - 11 - -2?
-1
Evaluate -5 + 9 + -12 + -1 + 1 - 5.
-13
Calculate 55 - (96 + -47 + -23).
29
Evaluate -32 - (33 - 68) - -18.
21
What is -6 - -1 - (111 + -126)?
10
Evaluate 0 + -12 + (-29 - -31).
-10
What is the value of 16 + (-7 - -9) + -9 + 11?
20
35 - -26 - 67 - (28 + 0 + 2)
-36
-6 + 3 - 18 - (409 + -395)
-35
Evaluate (-10 - (-35 + 